{"id":12,"date":"2024-09-23T15:41:40","date_gmt":"2024-09-23T13:41:40","guid":{"rendered":"http:\/\/preweb.modellflieger.info\/?page_id=12"},"modified":"2026-03-27T20:55:24","modified_gmt":"2026-03-27T19:55:24","slug":"home","status":"publish","type":"page","link":"https:\/\/modellflieger.info\/","title":{"rendered":"Home"},"content":{"rendered":"\n<p class=\"has-text-align-center has-large-font-size\"><strong>Willkommen bei den Modellfliegern Ravensburg!<\/strong><\/p>\n\n\n\n<div class=\"alignnormal\"><div id=\"metaslider-id-180\" style=\"width: 100%; margin: 0 auto;\" class=\"ml-slider-3-108-0 metaslider metaslider-flex metaslider-180 ml-slider has-carousel-mode ms-theme-default nav-hidden\" role=\"region\" aria-label=\"Startseite\" data-height=\"400\" data-width=\"700\">\n    <div id=\"metaslider_container_180\">\n        <div id=\"metaslider_180\">\n            <ul class='slides'>\n                <li style=\"display: none; width: 100%;\" class=\"slide-804 ms-image \" aria-roledescription=\"slide\" data-date=\"2024-10-21 09:58:01\" data-filename=\"05-dsc03153-700x400.jpg\" data-slide-type=\"image\"><img loading=\"lazy\" decoding=\"async\" src=\"https:\/\/modellflieger.info\/wp-content\/uploads\/2024\/10\/05-dsc03153-700x400.jpg\" height=\"400\" width=\"700\" alt=\"\" class=\"slider-180 slide-804 msDefaultImage\" title=\"05-dsc03153\" \/><\/li>\n                <li style=\"display: none; width: 100%;\" class=\"slide-273 ms-image \" aria-roledescription=\"slide\" data-date=\"2024-09-27 09:17:32\" data-filename=\"6_067-2012_05_01-0121-700x400.jpg\" data-slide-type=\"image\"><img loading=\"lazy\" decoding=\"async\" src=\"https:\/\/modellflieger.info\/wp-content\/uploads\/2024\/09\/6_067-2012_05_01-0121-700x400.jpg\" height=\"400\" width=\"700\" alt=\"\" class=\"slider-180 slide-273 msDefaultImage\" title=\"6_067-2012_05_01-0121\" \/><\/li>\n                <li style=\"display: none; width: 100%;\" class=\"slide-852 ms-image \" aria-roledescription=\"slide\" data-date=\"2024-10-23 12:39:42\" data-filename=\"IMG_20200620_170114-700x400.jpg\" data-slide-type=\"image\"><img loading=\"lazy\" decoding=\"async\" src=\"https:\/\/modellflieger.info\/wp-content\/uploads\/2024\/10\/IMG_20200620_170114-700x400.jpg\" height=\"400\" width=\"700\" alt=\"\" class=\"slider-180 slide-852 msDefaultImage\" title=\"sdr\" \/><\/li>\n                <li style=\"display: none; width: 100%;\" class=\"slide-802 ms-image \" aria-roledescription=\"slide\" data-date=\"2024-10-21 09:57:59\" data-filename=\"dsc05286-700x400.jpg\" data-slide-type=\"image\"><img loading=\"lazy\" decoding=\"async\" src=\"https:\/\/modellflieger.info\/wp-content\/uploads\/2024\/10\/dsc05286-700x400.jpg\" height=\"400\" width=\"700\" alt=\"\" class=\"slider-180 slide-802 msDefaultImage\" title=\"dsc05286\" \/><\/li>\n                <li style=\"display: none; width: 100%;\" class=\"slide-799 ms-image \" aria-roledescription=\"slide\" data-date=\"2024-10-21 09:57:56\" data-filename=\"dsc05348-700x400.jpg\" data-slide-type=\"image\"><img loading=\"lazy\" decoding=\"async\" src=\"https:\/\/modellflieger.info\/wp-content\/uploads\/2024\/10\/dsc05348-700x400.jpg\" height=\"400\" width=\"700\" alt=\"\" class=\"slider-180 slide-799 msDefaultImage\" title=\"dsc05348\" \/><\/li>\n                <li style=\"display: none; width: 100%;\" class=\"slide-254 ms-image \" aria-roledescription=\"slide\" data-date=\"2024-09-27 09:17:14\" data-filename=\"062-2012_05_01-0109-700x400.jpg\" data-slide-type=\"image\"><img loading=\"lazy\" decoding=\"async\" src=\"https:\/\/modellflieger.info\/wp-content\/uploads\/2024\/09\/062-2012_05_01-0109-700x400.jpg\" height=\"400\" width=\"700\" alt=\"\" class=\"slider-180 slide-254 msDefaultImage\" title=\"062-2012_05_01-0109\" \/><\/li>\n                <li style=\"display: none; width: 100%;\" class=\"slide-272 ms-image \" aria-roledescription=\"slide\" data-date=\"2024-09-27 09:17:31\" data-filename=\"085-2011_07_11-066-700x400.jpg\" data-slide-type=\"image\"><img loading=\"lazy\" decoding=\"async\" src=\"https:\/\/modellflieger.info\/wp-content\/uploads\/2024\/09\/085-2011_07_11-066-700x400.jpg\" height=\"400\" width=\"700\" alt=\"\" class=\"slider-180 slide-272 msDefaultImage\" title=\"085-2011_07_11-066\" \/><\/li>\n                <li style=\"display: none; width: 100%;\" class=\"slide-261 ms-image \" aria-roledescription=\"slide\" data-date=\"2024-09-27 09:17:21\" data-filename=\"030-2012_03_16-0002-700x400.jpg\" data-slide-type=\"image\"><img loading=\"lazy\" decoding=\"async\" src=\"https:\/\/modellflieger.info\/wp-content\/uploads\/2024\/09\/030-2012_03_16-0002-700x400.jpg\" height=\"400\" width=\"700\" alt=\"\" class=\"slider-180 slide-261 msDefaultImage\" title=\"030-2012_03_16-0002\" \/><\/li>\n                <li style=\"display: none; width: 100%;\" class=\"slide-800 ms-image \" aria-roledescription=\"slide\" data-date=\"2024-10-21 09:57:57\" data-filename=\"dsc05325-700x400.jpg\" data-slide-type=\"image\"><img loading=\"lazy\" decoding=\"async\" src=\"https:\/\/modellflieger.info\/wp-content\/uploads\/2024\/10\/dsc05325-700x400.jpg\" height=\"400\" width=\"700\" alt=\"\" class=\"slider-180 slide-800 msDefaultImage\" title=\"dsc05325\" \/><\/li>\n                <li style=\"display: none; width: 100%;\" class=\"slide-237 ms-image \" aria-roledescription=\"slide\" data-date=\"2024-09-27 09:16:58\" data-filename=\"flugplatz008-700x400.jpg\" data-slide-type=\"image\"><img loading=\"lazy\" decoding=\"async\" src=\"https:\/\/modellflieger.info\/wp-content\/uploads\/2024\/09\/flugplatz008-700x400.jpg\" height=\"400\" width=\"700\" alt=\"\" class=\"slider-180 slide-237 msDefaultImage\" title=\"flugplatz008\" \/><\/li>\n                <li style=\"display: none; width: 100%;\" class=\"slide-252 ms-image \" aria-roledescription=\"slide\" data-date=\"2024-09-27 09:17:12\" data-filename=\"081-2011_07_11-060-700x400.jpg\" data-slide-type=\"image\"><img loading=\"lazy\" decoding=\"async\" src=\"https:\/\/modellflieger.info\/wp-content\/uploads\/2024\/09\/081-2011_07_11-060-700x400.jpg\" height=\"400\" width=\"700\" alt=\"\" class=\"slider-180 slide-252 msDefaultImage\" title=\"081-2011_07_11-060\" \/><\/li>\n                <li style=\"display: none; width: 100%;\" class=\"slide-264 ms-image \" aria-roledescription=\"slide\" data-date=\"2024-09-27 09:17:23\" data-filename=\"027-2012_03_15-0118-700x400.jpg\" data-slide-type=\"image\"><img loading=\"lazy\" decoding=\"async\" src=\"https:\/\/modellflieger.info\/wp-content\/uploads\/2024\/09\/027-2012_03_15-0118-700x400.jpg\" height=\"400\" width=\"700\" alt=\"\" class=\"slider-180 slide-264 msDefaultImage\" title=\"027-2012_03_15-0118\" \/><\/li>\n                <li style=\"display: none; width: 100%;\" class=\"slide-851 ms-image \" aria-roledescription=\"slide\" data-date=\"2024-10-23 12:39:41\" data-filename=\"Unknown-2-700x400.jpeg\" data-slide-type=\"image\"><img loading=\"lazy\" decoding=\"async\" src=\"https:\/\/modellflieger.info\/wp-content\/uploads\/2024\/10\/Unknown-2-700x400.jpeg\" height=\"400\" width=\"700\" alt=\"\" class=\"slider-180 slide-851 msDefaultImage\" title=\"Unknown\" \/><\/li>\n                <li style=\"display: none; width: 100%;\" class=\"slide-257 ms-image \" aria-roledescription=\"slide\" data-date=\"2024-09-27 09:17:17\" data-filename=\"050-2012_05_01-0077-700x400.jpg\" data-slide-type=\"image\"><img loading=\"lazy\" decoding=\"async\" src=\"https:\/\/modellflieger.info\/wp-content\/uploads\/2024\/09\/050-2012_05_01-0077-700x400.jpg\" height=\"400\" width=\"700\" alt=\"\" class=\"slider-180 slide-257 msDefaultImage\" title=\"050-2012_05_01-0077\" \/><\/li>\n                <li style=\"display: none; width: 100%;\" class=\"slide-274 ms-image \" aria-roledescription=\"slide\" data-date=\"2024-09-27 09:17:33\" data-filename=\"7_136-2011_06_05-356-700x400.jpg\" data-slide-type=\"image\"><img loading=\"lazy\" decoding=\"async\" src=\"https:\/\/modellflieger.info\/wp-content\/uploads\/2024\/09\/7_136-2011_06_05-356-700x400.jpg\" height=\"400\" width=\"700\" alt=\"\" class=\"slider-180 slide-274 msDefaultImage\" title=\"7_136-2011_06_05-356\" \/><\/li>\n                <li style=\"display: none; width: 100%;\" class=\"slide-270 ms-image \" aria-roledescription=\"slide\" data-date=\"2024-09-27 09:17:29\" data-filename=\"DSC05196-700x400.jpg\" data-slide-type=\"image\"><img loading=\"lazy\" decoding=\"async\" src=\"https:\/\/modellflieger.info\/wp-content\/uploads\/2024\/09\/DSC05196-700x400.jpg\" height=\"400\" width=\"700\" alt=\"\" class=\"slider-180 slide-270 msDefaultImage\" title=\"DSC05196\" \/><\/li>\n                <li style=\"display: none; width: 100%;\" class=\"slide-277 ms-image \" aria-roledescription=\"slide\" data-date=\"2024-09-27 09:17:36\" data-filename=\"3-DSC00946-700x400.jpg\" data-slide-type=\"image\"><img loading=\"lazy\" decoding=\"async\" src=\"https:\/\/modellflieger.info\/wp-content\/uploads\/2024\/09\/3-DSC00946-700x400.jpg\" height=\"400\" width=\"700\" alt=\"\" class=\"slider-180 slide-277 msDefaultImage\" title=\"3-DSC00946\" \/><\/li>\n                <li style=\"display: none; width: 100%;\" class=\"slide-853 ms-image \" aria-roledescription=\"slide\" data-date=\"2024-10-23 12:39:43\" data-filename=\"IMG_20200719_112955-700x400.jpg\" data-slide-type=\"image\"><img loading=\"lazy\" decoding=\"async\" src=\"https:\/\/modellflieger.info\/wp-content\/uploads\/2024\/10\/IMG_20200719_112955-700x400.jpg\" height=\"400\" width=\"700\" alt=\"\" class=\"slider-180 slide-853 msDefaultImage\" title=\"RC-Crawlen\" \/><\/li>\n                <li style=\"display: none; width: 100%;\" class=\"slide-249 ms-image \" aria-roledescription=\"slide\" data-date=\"2024-09-27 09:17:10\" data-filename=\"103-2011_07_29-003-700x400.jpg\" data-slide-type=\"image\"><img loading=\"lazy\" decoding=\"async\" src=\"https:\/\/modellflieger.info\/wp-content\/uploads\/2024\/09\/103-2011_07_29-003-700x400.jpg\" height=\"400\" width=\"700\" alt=\"\" class=\"slider-180 slide-249 msDefaultImage\" title=\"103-2011_07_29-003\" \/><\/li>\n                <li style=\"display: none; width: 100%;\" class=\"slide-801 ms-image \" aria-roledescription=\"slide\" data-date=\"2024-10-21 09:57:58\" data-filename=\"dsc05351-700x400.jpg\" data-slide-type=\"image\"><img loading=\"lazy\" decoding=\"async\" src=\"https:\/\/modellflieger.info\/wp-content\/uploads\/2024\/10\/dsc05351-700x400.jpg\" height=\"400\" width=\"700\" alt=\"\" class=\"slider-180 slide-801 msDefaultImage\" title=\"dsc05351\" \/><\/li>\n            <\/ul>\n        <\/div>\n        \n    <\/div>\n<\/div><\/div>\n\n\n\n<p class=\"has-text-align-left\" style=\"font-size:clamp(0.875rem, 0.875rem + ((1vw - 0.2rem) * 0.542), 1.2rem);\"><strong>Habt Ihr Interesse am RC-Modellfliegen, RC-Driften oder RC-Crawlen?<\/strong><\/p>\n\n\n\n<p class=\"has-text-align-left\" style=\"font-size:clamp(0.875rem, 0.875rem + ((1vw - 0.2rem) * 0.542), 1.2rem);\">Bei sch\u00f6nem Wetter findet in der Regel jedes Wochenende Flug- und Fahrbetrieb statt, oder nach vorheriger Absprache unter Kontakt. Bei uns ist jeder willkommen, vom Anf\u00e4nger bis zum Experten, Fl\u00e4chenflieger, Drohne, Hubschrauber, Elektro und Verbrenner (klein &amp; gro\u00df), Drifter und Crawler.<\/p>\n\n\n\n<p class=\"has-text-align-left\" style=\"font-size:clamp(0.875rem, 0.875rem + ((1vw - 0.2rem) * 0.542), 1.2rem);\"><strong>Unser Verein<br><\/strong>Die Mitglieder unseres Vereins haben sich in ihrer Freizeit dem Hobby des Modellflugs verschrieben. Bei den ca. 50 aktiven Mitgliedern (darunter auch Jugendliche) ist nahezu das gesamte Spektrum an Flugmodellen vorhanden, beginnend beim Freiflugmodell bis hin zum anspruchsvollen Modell-Helikopter. <a href=\"https:\/\/modellflieger.info\/index.php\/entdecken\/mitglied-werden\/\" data-type=\"page\" data-id=\"542\">Hier<\/a> findet ihr Informationen um Mitglied in unserem Verein zu werden.<\/p>\n\n\n\n<p class=\"has-text-align-left\" style=\"font-size:clamp(0.875rem, 0.875rem + ((1vw - 0.2rem) * 0.542), 1.2rem);\"><strong>Unser Flugplatz<br><\/strong>Geflogen wird auf dem vereinseigenen Modellflugplatz bei Niederbiegen in Ravensburg. Dieser Modellflugplatz besitzt eine Graspiste und einen separaten Heli-Bereich und ist vom Regierungspr\u00e4sidium T\u00fcbingen f\u00fcr Modelle bis 25 kg zugelassen. Sollte das Wetter einmal nicht zum Fliegen einladen, stehen seit einiger Zeit eine Drift-Strecke sowie ein Crawler-Parcours zur Verf\u00fcgung. Ab dem Herbst und \u00fcber den Winter fliegen wir in der Halle der PH Weingarten.<\/p>\n\n\n\n<p style=\"font-size:clamp(0.875rem, 0.875rem + ((1vw - 0.2rem) * 0.542), 1.2rem);\"><strong>Unsere Werkstatt<br><\/strong>Neben dem Fluggel\u00e4nde bei Niederbiegen\/F\u00f6hrenried unterhalten wir eine Vereinswerkstatt in Ravensburg\/Weststadt in der Hochbergstra\u00dfe, die auch von der Bushaltestelle \u201aHochbergstra\u00dfe\u2018 in wenigen Minuten zu Fu\u00df zu erreichen ist. Hier kann jeder sein eigenes Modellflugzeug unter fachkundiger Anleitung bauen. W\u00e4hrend den \u00d6ffnungszeiten steht den Besuchern immer ein fachkundiger Berater zur Seite. Die Vereinswerkstatt ist au\u00dfer an Feiertagen jeweils&nbsp;mittwochs zwischen 18.00 und 20.00 Uhr ge\u00f6ffnet.<\/p>\n\n\n\n<p style=\"font-size:clamp(0.875rem, 0.875rem + ((1vw - 0.2rem) * 0.542), 1.2rem);\"><strong>Unser Angebot an Interessierte und Jugendliche<br><\/strong>Interessierten bieten wir die M\u00f6glichkeit, ein erstes Schnupperfliegen auf dem Modellflugplatz zu absolvieren. Hierbei kommen vereinseigene Modelle mit Lehrer\/Sch\u00fcler-System zum Einsatz. Bei Bedarf f\u00fchren wir gerne Informationsveranstaltungen und Einweisungs-Lehrg\u00e4nge durch. Interessenten f\u00fcr eine Mitgliedschaft k\u00f6nnen sich entweder auf dem Modellflugplatz, in der Vereinswerkstatt (Mittwochs) oder per <a href=\"https:\/\/modellflieger.info\/index.php\/kontakt\/\" data-type=\"page\" data-id=\"86\">Kontaktformular<\/a>\/E-Mail melden. <\/p>\n\n\n\n<p>Foto Impressionen<\/p>\n\n\n\n<figure class=\"wp-block-gallery has-nested-images columns-default is-cropped wp-block-gallery-1 is-layout-flex wp-block-gallery-is-layout-flex\">\n<figure class=\"wp-block-image size-large\"><img decoding=\"async\" src=\"https:\/\/modellflieger.info\/wp-content\/uploads\/2024\/10\/dsc05348-1024x767.jpg\" alt=\"\"\/><figcaption class=\"wp-element-caption\">RC-Crawlen<\/figcaption><\/figure>\n\n\n\n<figure class=\"wp-block-image size-large\"><img decoding=\"async\" src=\"https:\/\/modellflieger.info\/wp-content\/uploads\/2024\/09\/029-2012_03_15-0137-1024x576.jpg\" alt=\"\"\/><figcaption class=\"wp-element-caption\">RC-Fliegen<\/figcaption><\/figure>\n\n\n\n<figure class=\"wp-block-image size-large\"><img decoding=\"async\" src=\"https:\/\/modellflieger.info\/wp-content\/uploads\/2024\/10\/dsc05325-1024x769.jpg\" alt=\"\"\/><figcaption class=\"wp-element-caption\">RC-Driften<\/figcaption><\/figure>\n\n\n\n<figure class=\"wp-block-image size-large\"><img decoding=\"async\" src=\"https:\/\/modellflieger.info\/wp-content\/uploads\/2024\/09\/3-DSC00946-1024x577.jpg\" alt=\"\"\/><figcaption class=\"wp-element-caption\">RC-Fliegen<\/figcaption><\/figure>\n\n\n\n<figure class=\"wp-block-image size-large\"><img decoding=\"async\" src=\"https:\/\/modellflieger.info\/wp-content\/uploads\/2024\/10\/05-dsc03153-1024x577.jpg\" alt=\"\"\/><figcaption class=\"wp-element-caption\">RC Hallenfliegen<\/figcaption><\/figure>\n\n\n\n<figure class=\"wp-block-image size-large\"><img decoding=\"async\" src=\"https:\/\/modellflieger.info\/wp-content\/uploads\/2024\/10\/8fce0cb0-f271-447f-a7bd-58522e20d9f9-1024x577.jpg\" alt=\"\"\/><figcaption class=\"wp-element-caption\">RC Helikopter Fliegen<\/figcaption><\/figure>\n\n\n\n<figure class=\"wp-block-image size-large\"><img decoding=\"async\" src=\"https:\/\/modellflieger.info\/wp-content\/uploads\/2024\/10\/92c8ee42-32c0-4298-b946-5cc2ff17fbfb-1024x576.jpg\" alt=\"\"\/><figcaption class=\"wp-element-caption\">RC-Fliegen<\/figcaption><\/figure>\n\n\n\n<figure class=\"wp-block-image size-large\"><img loading=\"lazy\" decoding=\"async\" width=\"1024\" height=\"768\" data-id=\"902\" src=\"https:\/\/modellflieger.info\/wp-content\/uploads\/2024\/11\/p1110611-1024x768.jpg\" alt=\"\" class=\"wp-image-902\" srcset=\"https:\/\/modellflieger.info\/wp-content\/uploads\/2024\/11\/p1110611-1024x768.jpg 1024w, https:\/\/modellflieger.info\/wp-content\/uploads\/2024\/11\/p1110611-300x225.jpg 300w, https:\/\/modellflieger.info\/wp-content\/uploads\/2024\/11\/p1110611-768x576.jpg 768w, https:\/\/modellflieger.info\/wp-content\/uploads\/2024\/11\/p1110611.jpg 1200w\" sizes=\"auto, (max-width: 1024px) 100vw, 1024px\" \/><figcaption class=\"wp-element-caption\">RC-Segelfliegen<\/figcaption><\/figure>\n\n\n\n<figure class=\"wp-block-image size-large\"><img decoding=\"async\" src=\"https:\/\/modellflieger.info\/wp-content\/uploads\/2024\/10\/IMG_20200719_112955-1024x578.jpg\" alt=\"\"\/><figcaption class=\"wp-element-caption\">RC-Crawlen<\/figcaption><\/figure>\n\n\n\n<figure class=\"wp-block-image size-large\"><img decoding=\"async\" src=\"https:\/\/modellflieger.info\/wp-content\/uploads\/2024\/10\/IMG_20220611_181231.jpg\" alt=\"\"\/><figcaption class=\"wp-element-caption\">RC-Fliegen<\/figcaption><\/figure>\n<\/figure>\n","protected":false},"excerpt":{"rendered":"<p>Willkommen bei den Modellfliegern Ravensburg! Habt Ihr Interesse am RC-Modellfliegen, RC-Driften oder RC-Crawlen? Bei sch\u00f6nem Wetter findet in der Regel jedes Wochenende Flug- und Fahrbetrieb statt, oder nach vorheriger Absprache unter Kontakt. Bei uns ist jeder willkommen, vom Anf\u00e4nger bis zum Experten, Fl\u00e4chenflieger, Drohne, Hubschrauber, Elektro und Verbrenner (klein &amp; gro\u00df), Drifter und Crawler. Unser [&hellip;]<\/p>\n","protected":false},"author":1,"featured_media":0,"parent":0,"menu_order":1,"comment_status":"closed","ping_status":"closed","template":"page-with-sidebar","meta":{"footnotes":""},"class_list":["post-12","page","type-page","status-publish","hentry"],"_links":{"self":[{"href":"https:\/\/modellflieger.info\/index.php\/wp-json\/wp\/v2\/pages\/12","targetHints":{"allow":["GET"]}}],"collection":[{"href":"https:\/\/modellflieger.info\/index.php\/wp-json\/wp\/v2\/pages"}],"about":[{"href":"https:\/\/modellflieger.info\/index.php\/wp-json\/wp\/v2\/types\/page"}],"author":[{"embeddable":true,"href":"https:\/\/modellflieger.info\/index.php\/wp-json\/wp\/v2\/users\/1"}],"replies":[{"embeddable":true,"href":"https:\/\/modellflieger.info\/index.php\/wp-json\/wp\/v2\/comments?post=12"}],"version-history":[{"count":54,"href":"https:\/\/modellflieger.info\/index.php\/wp-json\/wp\/v2\/pages\/12\/revisions"}],"predecessor-version":[{"id":1239,"href":"https:\/\/modellflieger.info\/index.php\/wp-json\/wp\/v2\/pages\/12\/revisions\/1239"}],"wp:attachment":[{"href":"https:\/\/modellflieger.info\/index.php\/wp-json\/wp\/v2\/media?parent=12"}],"curies":[{"name":"wp","href":"https:\/\/api.w.org\/{rel}","templated":true}]}}